5?
4
What is the remainder when 5849 is divided by 25?
24
Calculate the remainder when 518 is divided by 140.
98
Calculate the remainder when 1261 is divided by 79.
76
Calculate the remainder when 334 is divided by 40.
14
What is the remainder when 92 is divided by 40?
12
Calculate the remainder when 818 is divided by 9.
8
What is the remainder when 22 is divided by 12?
10
What is the remainder when 1940 is divided by 108?
104
What is the remainder when 398 is divided by 53?
27
What is the remainder when 322 is divided by 80?
2
What is the remainder when 61478 is divided by 424?
422
What is the remainder when 1538 is divided by 193?
187
Calculate the remainder when 78 is divided by 55.
23
What is the remainder when 43 is divided by 5?
3
What is the remainder when 239 is divided by 6?
5
Calculate the remainder when 460 is divided by 220.
20
What is the remainder when 2111 is divided by 522?
23
What is the remainder when 623 is divided by 306?
11
What is the remainder when 282 is divided by 115?
52
Calculate the remainder when 1027 is divided by 97.
57
Calculate the remainder when 1618 is divided by 190.
98
What is the remainder when 3074 is divided by 123?
122
What is the remainder when 248 is divided by 14?
10
Calculate the remainder when 175 is divided by 9.
4
What is the remainder when 5929 is divided by 25?
4
Calculate the remainder when 971 is divided by 85.
36
What is the remainder when 8718 is divided by 218?
216
Calculate the remainder when 86 is divided by 50.
36
Calculate the remainder when 4535 is divided by 84.
83
What is the remainder when 270 is divided by 88?
6
What is the remainder when 962 is divided by 40?
2
Calculate the remainder when 46 is divided by 12.
10
Calculate the remainder when 278 is divided by 9.
8
Calculate the remainder when 41 is divided by 7.
6
Calculate the remainder when 1105 is divided by 27.
25
What is the remainder when 1521 is divided by 13?
0
What is the remainder when 49 is divided by 42?
7
Calculate the remainder when 3689 is divided by 176.
169
What is the remainder when 226 is divided by 79?
68
What is the remainder when 19 is divided by 6?
1
Calculate the remainder when 1026 is divided by 65.
51
Calculate the remainder when 907 is divided by 131.
121
Calculate the remainder when 959 is divided by 96.
95
What is the remainder when 139 is divided by 6?
1
What is the remainder when 65 is divided by 18?
11
What is the remainder when 510 is divided by 32?
30
What is the remainder when 75 is divided by 33?
9
What is the remainder when 85 is divided by 63?
22
What is the remainder when 684 is divided by 7?
5
Calculate the remainder when 5770 is divided by 26.
24
What is the remainder when 76 is divided by 46?
30
Calculate the remainder when 26 is divided by 3.
2
What is the remainder when 54 is divided by 47?
7
Calculate the remainder when 292 is divided by 96.
4
What is the remainder when 365 is divided by 96?
77
Calculate the remainder when 124 is divided by 35.
19
Calculate the remainder when 495 is divided by 8.
7
What is the remainder when 70 is divided by 18?
16
Calculate the remainder when 129 is divided by 2.
1
What is the remainder when 74 is divided by 12?
2
Calculate the remainder when 4420 is divided by 246.
238
Calculate the remainder when 655 is divided by 32.
15
Calculate the remainder when 985 is divided by 113.
81
Calculate the remainder when 321 is divided by 32.
1
What is the remainder when 2731 is divided by 57?
52
Calculate the remainder when 38 is divided by 22.
16
What is the remainder when 62 is divided by 27?
8
What is the remainder when 40 is divided by 22?
18
What is the remainder when 694 is divided by 341?
12
Calculate the remainder when 104 is divided by 65.
39
What is the remainder when 959 is divided by 108?
95
What is the remainder when 229 is divided by 111?
7
Calculate the remainder when 656 is divided by 44.
40
What is the remainder when 72 is divided by 25?
22
What is the remainder when 18675 is divided by 58?
57
Calculate the remainder when 3145 is divided by 242.
241
Calculate the remainder when 166 is divided by 49.
19
What is the remainder when 324 is divided by 5?
4
Calculate the remainder when 343 is divided by 43.
42
What is the remainder when 625 is divided by 57?
55
Calculate the remainder when 269 is divided by 30.
29
Calculate the remainder when 76 is divided by 33.
10
Calculate the remainder when 22 is divided by 15.
7
Calculate the remainder when 208 is divided by 128.
80
What is the remainder when 11994 is divided by 279?
276
Calculate the remainder when 141 is divided by 7.
1
Calculate the remainder when 219 is divided by 34.
15
Calculate the remainder when 54 is divided by 5.
4
What is the remainder when 381 is divided by 47?
5
What is the remainder when 411 is divided by 59?
57
Calculate the remainder when 210 is divided by 6.
0
What is the remainder when 131 is divided by 45?
41
What is the remainder when 335 is divided by 56?
55
Calculate the remainder when 399 is divided by 100.
99
Calculate the remainder when 1923 is divided by 274.
5
What is the remainder when 21 is divided by 7?
0
What is the remainder when 197 is divided by 22?
21
Calculate the remainder when 172 is divided by 35.
32
Calculate the remainder when 350 is divided by 71.
66
What is the remainder when 3552 is divided by 5?
2
What is the remainder when 145 is divided by 72?
1
What is the remainder when 569 is divided by 279?
11
Calculate the remainder when 127 is divided by 124.
3
Calculate the remainder when 2951 is divided by 17.
10
Calculate the remainder when 2184 is divided by 44.
28
Calculate the remainder when 872 is divided by 29.
2
What is the remainder when 206 is divided by 46?
22
Calculate the remainder when 3634 is divided by 36.
34
What is the remainder when 11 is divided by 6?
5
Calculate the remainder when 199 is divided by 10.
9
What is the remainder when 503 is divided by 72?
71
Calculate the remainder when 86 is divided by 29.
28
Calculate the remainder when 526 is divided by 130.
6
Calculate the remainder when 284 is divided by 187.
97
Calculate the remainder when 582 is divided by 97.
0
What is the remainder when 1101 is divided by 46?
43
Calculate the remainder when 443 is divided by 166.
111
Calculate the remainder when 34 is divided by 31.
3
What is the remainder when 242 is divided by 55?
22
What is the remainder when 214 is divided by 35?
4
What is the remainder when 556 is divided by 13?
10
Calculate the remainder when 127 is divided by 71.
56
What is the remainder when 320 is divided by 24?
8
Calculate the remainder when 46857 is divided by 47.
45
What is the remainder when 63 is divided by 22?
19
What is the remainder when 724 is divided by 290?
144
What is the remainder when 73 is divided by 10?
3
What is the remainder when 2953 is divided by 21?
13
What is the remainder when 592 is divided by 66?
64
Calculate the remainder when 195 is divided by 28.
27
Calculate the remainder when 9782 is divided by 888.
14
What is the remainder when 572 is divided by 82?
80
What is the remainder when 3043 is divided by 304?
3
What is the remainder when 31 is divided by 17?
14
Calculate the remainder when 256 is divided by 62.
8
What is the remainder when 308 is divided by 144?
20
What is the remainder when 657 is divided by 22?
19
Calculate the remainder when 337 is divided by 85.
82
What is the remainder when 1935 is divided by 88?
87
Calculate the remainder when 145 is divided by 21.
19
What is the remainder when 89 is divided by 41?
7
What is the remainder when 264 is divided by 68?
60
What is the remainder when 699 is divided by 116?
3
What is the remainder when 565 is divided by 13?
6
Calculate the remainder when 137 is divided by 65.
7
Calculate the remainder when 129 is divided by 27.
21
Calculate the remainder when 1504 is divided by 431.
211
What is the remainder when 323 is divided by 54?
53
What is the remainder when 175 is divided by 16?
15
Calculate the remainder when 70 is divided by 15.
10
Calculate the remainder when 273 is divided by 18.
3
Calculate the remainder when 179 is divided by 27.
17
What is the remainder when 5740 is divided by 18?
16
Calculate the remainder when 1535 is divided by 27.
23
Calculate the remainder when 50 is divided by 19.
